{"id":141,"date":"2011-01-14T15:04:48","date_gmt":"2011-01-14T15:04:48","guid":{"rendered":"http:\/\/www.ferienhof-hanssler.de\/?page_id=141"},"modified":"2026-02-16T15:30:39","modified_gmt":"2026-02-16T15:30:39","slug":"preise-2","status":"publish","type":"page","link":"http:\/\/www.ferienhof-hanssler.de\/?page_id=141","title":{"rendered":"Preise"},"content":{"rendered":"<p>Die Hauptsaison geht vom 1. Mai bis zum 30. September, die Nebensaison vom 1. Oktober bis zum 30. April (Mindestaufenthalt 6 N\u00e4chte). Die angezeigten Preise gelten pro Nacht.<\/p>\n<span class=\"wp-table-reloaded-table-description-id-1 wp-table-reloaded-table-description\"><\/span>\n\n<table id=\"wp-table-reloaded-id-1-no-1\" class=\"wp-table-reloaded wp-table-reloaded-id-1\">\n<thead>\n\t<tr class=\"row-1 odd\">\n\t\t<th class=\"column-1\">Preise ab 01.01.2026<\/th><th class=\"column-2\">Hauptsaison (2 Personen)<\/th><th class=\"column-3\">jede weitere Person<\/th><th class=\"column-4\">Nebensaison (2 Personen)<\/th><th class=\"column-5\">jede weitere Person<\/th>\n\t<\/tr>\n<\/thead>\n<tbody>\n\t<tr class=\"row-2 even\">\n\t\t<td class=\"column-1\">Knechtskammer<\/td><td class=\"column-2\">65\u20ac<\/td><td class=\"column-3\">+ 10\u20ac<\/td><td class=\"column-4\">60\u20ac<\/td><td class=\"column-5\">+ 10\u20ac<\/td>\n\t<\/tr>\n\t<tr class=\"row-3 odd\">\n\t\t<td class=\"column-1\">J\u00e4gerstube<\/td><td class=\"column-2\">65\u20ac<\/td><td class=\"column-3\">+ 10\u20ac<\/td><td class=\"column-4\">60\u20ac<\/td><td class=\"column-5\">+ 10\u20ac<\/td>\n\t<\/tr>\n\t<tr class=\"row-4 even\">\n\t\t<td class=\"column-1\">Riedblick<\/td><td class=\"column-2\">60\u20ac<\/td><td class=\"column-3\">+ 10\u20ac<\/td><td class=\"column-4\">55\u20ac<\/td><td class=\"column-5\">+ 10\u20ac<\/td>\n\t<\/tr>\n<\/tbody>\n<\/table>\n\n<p>Grunds\u00e4tzlich k\u00f6nnen Haustiere wie z.B. Hunde mitgebracht werden. F\u00fcr Ihre Tiere (egal ob Hund, Kaninchen oder sonstige Tiere) berechnen wir 10,- \u20ac \/ Tag. Bitte nehmen Sie aber vorher Kontakt zu uns auf, wenn Sie ein Tier mitbringen m\u00f6chten. Danke.<\/p>\n\n\n<p><\/p>\n","protected":false},"excerpt":{"rendered":"<p>Die Hauptsaison geht vom 1. Mai bis zum 30. September, die Nebensaison vom 1. Oktober bis zum 30. April (Mindestaufenthalt 6 N\u00e4chte). Die angezeigten Preise gelten pro Nacht. Grunds\u00e4tzlich k\u00f6nnen Haustiere wie z.B. Hunde mitgebracht werden. F\u00fcr Ihre Tiere (egal ob Hund, Kaninchen oder sonstige Tiere) berechnen wir 10,- \u20ac \/ Tag. Bitte nehmen Sie &hellip; <\/p>\n<p class=\"link-more\"><a href=\"http:\/\/www.ferienhof-hanssler.de\/?page_id=141\" class=\"more-link\"><span class=\"screen-reader-text\">\u201ePreise\u201c<\/span> weiterlesen<\/a><\/p>\n","protected":false},"author":1,"featured_media":172,"parent":0,"menu_order":0,"comment_status":"closed","ping_status":"closed","template":"","meta":{"ngg_post_thumbnail":0,"footnotes":""},"class_list":["post-141","page","type-page","status-publish","has-post-thumbnail","hentry"],"_links":{"self":[{"href":"http:\/\/www.ferienhof-hanssler.de\/index.php?rest_route=\/wp\/v2\/pages\/141","targetHints":{"allow":["GET"]}}],"collection":[{"href":"http:\/\/www.ferienhof-hanssler.de\/index.php?rest_route=\/wp\/v2\/pages"}],"about":[{"href":"http:\/\/www.ferienhof-hanssler.de\/index.php?rest_route=\/wp\/v2\/types\/page"}],"author":[{"embeddable":true,"href":"http:\/\/www.ferienhof-hanssler.de\/index.php?rest_route=\/wp\/v2\/users\/1"}],"replies":[{"embeddable":true,"href":"http:\/\/www.ferienhof-hanssler.de\/index.php?rest_route=%2Fwp%2Fv2%2Fcomments&post=141"}],"version-history":[{"count":20,"href":"http:\/\/www.ferienhof-hanssler.de\/index.php?rest_route=\/wp\/v2\/pages\/141\/revisions"}],"predecessor-version":[{"id":1281,"href":"http:\/\/www.ferienhof-hanssler.de\/index.php?rest_route=\/wp\/v2\/pages\/141\/revisions\/1281"}],"wp:featuredmedia":[{"embeddable":true,"href":"http:\/\/www.ferienhof-hanssler.de\/index.php?rest_route=\/wp\/v2\/media\/172"}],"wp:attachment":[{"href":"http:\/\/www.ferienhof-hanssler.de\/index.php?rest_route=%2Fwp%2Fv2%2Fmedia&parent=141"}],"curies":[{"name":"wp","href":"https:\/\/api.w.org\/{rel}","templated":true}]}}