{"id":98,"date":"2011-01-10T19:11:09","date_gmt":"2011-01-10T19:11:09","guid":{"rendered":"http:\/\/www.ferienhof-hanssler.de\/?page_id=98"},"modified":"2025-02-26T07:44:58","modified_gmt":"2025-02-26T07:44:58","slug":"spirituosen","status":"publish","type":"page","link":"http:\/\/www.ferienhof-hanssler.de\/?page_id=98","title":{"rendered":"Spirituosen"},"content":{"rendered":"<p>Hier in Oberschwaben haben die Bauernh\u00f6fe seit alters her das Recht, Schnaps aus dem eigenen Obst zu brennen. Das Brennrecht geh\u00f6rt dabei zur Hofstelle und nicht zur Familie. Solange wir denken k\u00f6nnen, wurde daher auf unserem Hof ein wohl schmeckender Schnaps gebrannt.<\/p>\n<p>Das Schnapsbrennen liegt bei uns ganz in der Hand des Opa\u00b4s. Er nimmt sich meist in den kalten Wintermonaten die Zeit und brennt aus den eigenen \u00c4pfeln, Birnen und Himbeeren Spezialit\u00e4ten wie Obstler, Himbeergeist, Williams Christ Brand oder auch mal einen Mirabellenschnaps, wenn der Mirabellenstrauch reiche Frucht tr\u00e4gt. Aus den eigenen Himbeeren wird dann auch noch ein leckerer Himbeerlik\u00f6r hergestellt.<\/p>\nngg_shortcode_0_placeholder\n","protected":false},"excerpt":{"rendered":"<p>Hier in Oberschwaben haben die Bauernh\u00f6fe seit alters her das Recht, Schnaps aus dem eigenen Obst zu brennen. Das Brennrecht geh\u00f6rt dabei zur Hofstelle und nicht zur Familie. Solange wir denken k\u00f6nnen, wurde daher auf unserem Hof ein wohl schmeckender Schnaps gebrannt. Das Schnapsbrennen liegt bei uns ganz in der Hand des Opa\u00b4s. Er nimmt &hellip; <\/p>\n<p class=\"link-more\"><a href=\"http:\/\/www.ferienhof-hanssler.de\/?page_id=98\" class=\"more-link\"><span class=\"screen-reader-text\">\u201eSpirituosen\u201c<\/span> weiterlesen<\/a><\/p>\n","protected":false},"author":1,"featured_media":117,"parent":0,"menu_order":0,"comment_status":"closed","ping_status":"closed","template":"","meta":{"ngg_post_thumbnail":0,"footnotes":""},"class_list":["post-98","page","type-page","status-publish","has-post-thumbnail","hentry"],"_links":{"self":[{"href":"http:\/\/www.ferienhof-hanssler.de\/index.php?rest_route=\/wp\/v2\/pages\/98","targetHints":{"allow":["GET"]}}],"collection":[{"href":"http:\/\/www.ferienhof-hanssler.de\/index.php?rest_route=\/wp\/v2\/pages"}],"about":[{"href":"http:\/\/www.ferienhof-hanssler.de\/index.php?rest_route=\/wp\/v2\/types\/page"}],"author":[{"embeddable":true,"href":"http:\/\/www.ferienhof-hanssler.de\/index.php?rest_route=\/wp\/v2\/users\/1"}],"replies":[{"embeddable":true,"href":"http:\/\/www.ferienhof-hanssler.de\/index.php?rest_route=%2Fwp%2Fv2%2Fcomments&post=98"}],"version-history":[{"count":20,"href":"http:\/\/www.ferienhof-hanssler.de\/index.php?rest_route=\/wp\/v2\/pages\/98\/revisions"}],"predecessor-version":[{"id":1218,"href":"http:\/\/www.ferienhof-hanssler.de\/index.php?rest_route=\/wp\/v2\/pages\/98\/revisions\/1218"}],"wp:featuredmedia":[{"embeddable":true,"href":"http:\/\/www.ferienhof-hanssler.de\/index.php?rest_route=\/wp\/v2\/media\/117"}],"wp:attachment":[{"href":"http:\/\/www.ferienhof-hanssler.de\/index.php?rest_route=%2Fwp%2Fv2%2Fmedia&parent=98"}],"curies":[{"name":"wp","href":"https:\/\/api.w.org\/{rel}","templated":true}]}}